p = -5*a + 5*p - 199. Let s = 59 + a. Calculate the highest common divisor of 189 and s.
21
Let j be 242/3 + 32/24. Let n = j + -51. What is the greatest common factor of n and 31?
31
Let n = -88 - -93. Calculate the highest common divisor of n and 135.
5
Suppose -3*s = -j - 3, 0*s = -3*j + 3*s + 15. Let k = 2 + j. Suppose i = 39 + 38. What is the highest common divisor of i and k?
11
Suppose z - 19 = -0. Let q = 864 + -845. What is the greatest common factor of z and q?
19
Let r = -434 - -258. Let q = r + 202. What is the highest common factor of q and 208?
26
Let f be (-56)/20 + 3/(-15). Let j be (-1 - (-2)/(-2))*-4. Let h be j/f*(-84)/8. Calculate the highest common factor of 70 and h.
14
Let i be 7/(21/24) - 0. Let k = 8 + i. What is the highest common divisor of 40 and k?
8
Suppose 0 = -4*y + 16, 40 = 5*h - 4*h + 4*y. Let k(t) = 3*t**2 - 77*t - 92. Let r be k(27). Calculate the highest common divisor of h and r.
8
Let z = -92 + 136. Suppose -4*r = -o + 22, 1 - 3 = r - 2*o. Let d be r/(-36) - (-130)/12. What is the greatest common divisor of z and d?
11
Let d be 15/(((-29)/290)/((-29)/5)). Calculate the greatest common factor of 30 and d.
30
Suppose -11484 = -15*u - 21*u. Suppose 4*v + 3*f = 113, 5*f + 147 = 5*v + 3*f. Calculate the highest common factor of v and u.
29
Let w = 389 + -157. What is the highest common divisor of w and 8?
8
Suppose -3*q = 2*b - 207, -32*q + 3 = -33*q. Calculate the greatest common divisor of 48 and b.
12
Let k(o) = o**3 - 20*o**2 - 42*o - 29. Let p be k(22). Suppose 1 = c + 5*w + 11, 2*c + 4*w = -2. What is the greatest common divisor of c and p?
5
Suppose -6 = 8*b + 10. Let w be -4 - -4 - b - -133. Calculate the greatest common factor of 90 and w.
45
Let g = -93 - -96. Calculate the highest common divisor of 3 and g.
3
Let q(w) = -w**3 + 14*w**2 - 12*w - 3. Let u be q(9). What is the highest common divisor of 42 and u?
42
Let j be ((-9)/(-4))/((8/(-256))/(-1)). Calculate the highest common divisor of j and 80.
8
Suppose 2*x = 371 + 927. What is the highest common divisor of x and 11?
11
Suppose -a = 3*u - 35, -a + 3*u = 2*u - 47. Let r = -131 + 105. Let t = r + 37. What is the highest common divisor of a and t?
11
Let h be (-590)/(-35) + (-2)/(-14). Let u = h + -7. Calculate the highest common divisor of u and 10.
10
Let f be 76 - 4 - -1*3. Let z(l) = l**2 - 4*l - 20. Suppose 3*p - 8 - 19 = 0. Let v be z(p). Calculate the highest common divisor of v and f.
25
Let l(k) = -k**2 - 15*k - 27. Let f be l(-11). Let o be (-7)/(104/(-34) + 3). Calculate the highest common factor of f and o.
17
Suppose -s + 0 = -18. Suppose 3*z - 316 = 4*m + 186, -3*m + 636 = 4*z. What is the greatest common divisor of s and z?
18
Let d = 55 + -52. Suppose d*m - 18 = 9. Let r = -5 - -32. What is the highest common divisor of m and r?
9
Let q = 13 - 7. Suppose -q - 34 = -5*s. What is the greatest common factor of 24 and s?
8
Let c be ((-18)/(-4))/(2/4). Let l be 910/75 - 4*3/90. Let q be 156/30 - l/(-15). What is the greatest common divisor of q and c?
3
Let a = 1072 + -1041. Calculate the highest common divisor of 868 and a.
31
Let f be ((-64)/(-8))/((-2)/(-63)). Let n(o) = -o**3 - 5*o**2 - 7*o - 7. Let b be n(-5). What is the greatest common divisor of f and b?
28
Let i(f) = -f**3 - 8*f**2 - 4*f - 18. Let r be i(-8). Let d(h) = h**3 - 16*h**2 + 27*h + 16. Let j be d(r). Calculate the highest common factor of j and 18.
2
Suppose 6 = -t + 2*t. Suppose 2*j - 4*j + d = -15, 5*j = 5*d + 45. Suppose j*u - 5*u - 48 = 0. Calculate the highest common factor of u and t.
6
Let b(t) = 3*t - 36. Let q(d) = -6*d + 72. Let x(w) = 9*b(w) + 4*q(w). Let h be x(15). What is the highest common divisor of 63 and h?
9
Suppose -25*t - 5*k + 89 = -23*t, 5*k = -4*t + 173. Calculate the greatest common factor of 336 and t.
42
Let s = 570 - 479. What is the highest common factor of s and 52?
13
Let u be 1/(8/100)*2. Let b be (21/(-63))/((-1)/30*1). What is the highest common divisor of u and b?
5
Let s be -3 + (-942)/(-10) + 2/(-10). Suppose 5*c - s = -8*c. Calculate the highest common factor of 28 and c.
7
Let c(t) = t + 75. Let w be c(3). Calculate the greatest common divisor of w and 741.
39
Let q = -452 - -488. Calculate the highest common factor of 12 and q.
12
Let a(n) = n**3 - 20*n**2 + 4*n - 6. Let r be a(20). Let v = -57 + r. Calculate the greatest common factor of 187 and v.
17
Let g(d) = 2*d**3 - 9*d**2 + 7*d + 4. Let v be g(5). Suppose -2*n + v = -n. Let s(j) = j + 3. Let z be s(5). What is the highest common divisor of n and z?
8
Let c(j) = 15*j - 1. Let y be c(1). Suppose 2*u - 99 = -3*r, -3*r - 3*u + 90 = 2*u. What is the greatest common factor of r and y?
7
Let r be (-8)/28 - 184/(-7). Suppose a = 5*a + 8, -4*v = 2*a - 100. Suppose -22*p - 260 = -v*p. Calculate the highest common factor of r and p.
13
Let d = -3 + 8. Suppose d*m = 10 + 5. Suppose -2*c = b + 1, -b + 2*c - m = -6. Calculate the greatest common factor of 11 and b.
1
Suppose 245*n - 241*n = 468. What is the greatest common divisor of 299 and n?
13
Let r(k) = k - 4. Let g be r(4). Let d be 4 - (g - 3) - -3. Suppose -7*w + d*w - 6 = 0. What is the highest common factor of 10 and w?
2
Suppose -8*p + 41 = -15. Let w be 9 + 7/(p/3) + -6. What is the highest common factor of w and 2?
2
Let t be (-8)/16 + (-99)/(-6). What is the highest common divisor of 976 and t?
16
Let u = -58 - -138. Suppose t = -3, -6*r + 4*t + u = -2*r. Suppose 0 = 2*q - 35 - 33. Calculate the highest common factor of r and q.
17
Let a = 254 + 37. Calculate the greatest common factor of 3 and a.
3
Suppose 455 = 27*j - 841. Let k(p) = 12*p. Let c be k(2). What is the greatest common divisor of j and c?
24
Let w(f) = -6*f**2 + f + 4. Let n be w(-3). Let o = -35 - n. Let p(r) = -r**3 - r**2 + 4*r - 5. Let l be p(-4). What is the highest common factor of o and l?
9
Let g be (38/(-10) + 5)/(2/10). Let i be ((-36)/g - 9)*1/(-1). What is the greatest common divisor of i and 5?
5
Let b(j) = 78*j**2 + 2*j - 3. Let r be b(1). Let w = r + 7. What is the greatest common factor of w and 21?
21
Suppose 0*s = -3*t - 2*s + 15, 0 = -5*s - 15. Let a be (1/(-2))/((-13)/910). What is the greatest common factor of t and a?
7
Let h(p) = -p**3 - 14*p**2 - 6*p + 119. Let c be h(-13). What is the highest common factor of 812 and c?
28
Suppose -3*o - 277 = 530. Let n = o - -584. What is the greatest common divisor of n and 45?
45
Let b be (-282)/(-4)*82/123. Calculate the highest common factor of 1 and b.
1
Let h(n) = -n**2 - 13*n - 13. Let o be h(-10). Let u = -110 - -195. Calculate the highest common divisor of o and u.
17
Let u(x) be the third derivative of x**5/20 + x**4/8 + x**3/6 + 3*x**2. Let i be u(2). Calculate the highest common factor of i and 19.
19
Let p = -12 - -36. Let v = 940 + -924. Calculate the greatest common factor of p and v.
8
Let u = 19 + -16. Suppose u*a - 4 = 59. Calculate the greatest common factor of 7 and a.
7
Suppose 0 = 12*r - 1591 - 509. Calculate the greatest common divisor of 35 and r.
35
Let l(x) = -2*x + 38. Let j be l(-11). Suppose -j - 60 = -4*q. Calculate the greatest common factor of q and 12.
6
Suppose -4*t + 832 = 4*u, -4*u - 6*t + 807 = -7*t. Calculate the highest common divisor of u and 87.
29
Let i = -4 - -8. Let c(w) = w + 15. Let z be c(15). Suppose -i*r + r + z = 0. What is the greatest common factor of 40 and r?
10
Let f be 19*-1*(1 + -2). Let b = f + -7. Let n be ((-1)/2)/((-3)/b). What is the greatest common divisor of 2 and n?
2
Suppose 7*t = 4*t - 5*l + 882, 4*t - 2*l = 1176. What is the greatest common factor of t and 21?
21
Let n be -12 + -6 + 14 + 38. Let z be (-2)/(-6) + 152/3. Calculate the greatest common divisor of z and n.
17
Suppose b + 3*b + 74 = 3*x, -4*b = -5*x + 134. Let r be (171/(-7) - (-16)/(-28))*-3. Calculate the greatest common divisor of x and r.
15
Let r be (10 + -1)/(2/32). Let i(n) = 4*n + 4. Let q be i(8). Let f = 54 - q. What is the greatest common factor of r and f?
18
Let h be (-18)/(-24)*-4 + 871. What is the highest common divisor of h and 31?
31
Let w(c) = -4*c + 8 - 4*c + 4*c + 3*c. Let g be w(6). Suppose -2 = -s - 3*i, -4*s + 5*s + g*i - 5 = 0. Calculate the greatest common divisor of s and 88.
11
Let u(o) = 108*o - 3. Let l be u(1). Calculate the great